{"id":192748,"date":"2020-12-16T18:34:07","date_gmt":"2020-12-16T17:34:07","guid":{"rendered":"https:\/\/danone-edp.test\/?page_id=192748"},"modified":"2021-03-31T14:40:37","modified_gmt":"2021-03-31T12:40:37","slug":"vyrobky-na-rostlinne-bazi-ve-vyzive","status":"publish","type":"page","link":"https:\/\/danone.cz\/web\/vyrobky-na-rostlinne-bazi\/vyrobky-na-rostlinne-bazi-ve-vyzive\/","title":{"rendered":"V\u00fdrobky na rostlinn\u00e9 b\u00e1zi ve v\u00fd\u017eiv\u011b"},"content":{"rendered":"\t\t<div data-elementor-type=\"wp-post\" data-elementor-id=\"192748\" class=\"elementor elementor-192748\" data-elementor-post-type=\"page\">\n\t\t\t\t\t\t<section class=\"elementor-section elementor-top-section elementor-element elementor-element-372b9253 elementor-section-boxed elementor-section-height-default elementor-section-height-default\" data-id=\"372b9253\" data-element_type=\"section\">\n\t\t\t\t\t\t<div class=\"elementor-container elementor-column-gap-default\">\n\t\t\t\t\t<div class=\"elementor-column elementor-col-100 elementor-top-column elementor-element elementor-element-25749851\" data-id=\"25749851\" data-element_type=\"column\">\n\t\t\t<div class=\"elementor-widget-wrap elementor-element-populated\">\n\t\t\t\t\t\t<div class=\"elementor-element elementor-element-295e02dd elementor-widget elementor-widget-heading\" data-id=\"295e02dd\" data-element_type=\"widget\" data-widget_type=\"heading.default\">\n\t\t\t\t<div class=\"elementor-widget-container\">\n\t\t\t\t\t<h1 class=\"elementor-heading-title elementor-size-default\">V\u00fdrobky na rostlinn\u00e9 b\u00e1zi ve v\u00fd\u017eiv\u011b<\/h1>\t\t\t\t<\/div>\n\t\t\t\t<\/div>\n\t\t\t\t\t<\/div>\n\t\t<\/div>\n\t\t\t\t\t<\/div>\n\t\t<\/section>\n\t\t\t\t<section class=\"elementor-section elementor-top-section elementor-element elementor-element-163d1857 elementor-section-boxed elementor-section-height-default elementor-section-height-default\" data-id=\"163d1857\" data-element_type=\"section\">\n\t\t\t\t\t\t<div class=\"elementor-container elementor-column-gap-default\">\n\t\t\t\t\t<div class=\"elementor-column elementor-col-100 elementor-top-column elementor-element elementor-element-172fa287\" data-id=\"172fa287\" data-element_type=\"column\">\n\t\t\t<div class=\"elementor-widget-wrap elementor-element-populated\">\n\t\t\t\t\t\t<section class=\"elementor-section elementor-inner-section elementor-element elementor-element-1388e45a elementor-section-content-middle elementor-section-boxed elementor-section-height-default elementor-section-height-default\" data-id=\"1388e45a\" data-element_type=\"section\">\n\t\t\t\t\t\t<div class=\"elementor-container elementor-column-gap-wide\">\n\t\t\t\t\t<div class=\"elementor-column elementor-col-100 elementor-inner-column elementor-element elementor-element-2f139a23\" data-id=\"2f139a23\" data-element_type=\"column\">\n\t\t\t<div class=\"elementor-widget-wrap elementor-element-populated\">\n\t\t\t\t\t\t<div class=\"elementor-element elementor-element-55dc9a43 elementor-widget elementor-widget-heading\" data-id=\"55dc9a43\" data-element_type=\"widget\" data-widget_type=\"heading.default\">\n\t\t\t\t<div class=\"elementor-widget-container\">\n\t\t\t\t\t<h5 class=\"elementor-heading-title elementor-size-default\">Produkty na rostlinn\u00e9 b\u00e1zi by m\u011bly b\u00fdt sou\u010d\u00e1st\u00ed na\u0161eho ka\u017edodenn\u00edho stravov\u00e1n\u00ed\n<\/h5>\t\t\t\t<\/div>\n\t\t\t\t<\/div>\n\t\t\t\t<div class=\"elementor-element elementor-element-1298a1c7 elementor-widget elementor-widget-text-editor\" data-id=\"1298a1c7\" data-element_type=\"widget\" data-widget_type=\"text-editor.default\">\n\t\t\t\t<div class=\"elementor-widget-container\">\n\t\t\t\t\t\t\t\t\t<p dir=\"ltr\" style=\"line-height:1.295;text-align: justify;margin-top:0pt;margin-bottom:8pt\"><span style=\"font-size:11pt;font-family:Arial;color:#000000;background-color:transparent;font-weight:400;font-style:normal;font-variant:normal;text-decoration:none;vertical-align:baseline\">Podle aktu\u00e1ln\u00edch Slovensk\u00e9 v\u00fd\u017eivov\u00fdch doporu\u010den\u00ed jsou produkty na rostlinn\u00e9 b\u00e1zi vhodn\u00fdm zpest\u0159en\u00edm ka\u017edodenn\u00edho j\u00eddeln\u00ed\u010dku a alternativou k ml\u00e9\u010dn\u00fdm v\u00fdrobk\u016fm. Denn\u011b bychom m\u011bli zkonzumovat 2-3 porce ml\u00e9\u010dn\u00fdch v\u00fdrobk\u016f nebo produkt\u016f na rostlinn\u00e9 b\u00e1zi.<\/span><\/p><p><span id=\"docs-internal-guid-7ad805d3-7fff-952a-22d9-cf1ea3100190\"><\/span><\/p><p dir=\"ltr\" style=\"line-height:1.295;text-align: justify;margin-top:0pt;margin-bottom:8pt\"><span style=\"font-size:11pt;font-family:Arial;color:#000000;background-color:transparent;font-weight:400;font-style:normal;font-variant:normal;text-decoration:none;vertical-align:baseline\">Za jednu porci v\u00fdrobku na rostlinn\u00e9 b\u00e1zi se pova\u017euje nap\u0159\u00edklad poh\u00e1r s\u00f3jov\u00e9ho n\u00e1poje nebo kel\u00edmek rostlinn\u00e9ho fermentovan\u00e9ho v\u00fdrobku.<\/span><\/p>\t\t\t\t\t\t\t\t<\/div>\n\t\t\t\t<\/div>\n\t\t\t\t\t<\/div>\n\t\t<\/div>\n\t\t\t\t\t<\/div>\n\t\t<\/section>\n\t\t\t\t\t<\/div>\n\t\t<\/div>\n\t\t\t\t\t<\/div>\n\t\t<\/section>\n\t\t\t\t<section class=\"elementor-section elementor-top-section elementor-element elementor-element-773db4af elementor-section-boxed elementor-section-height-default elementor-section-height-default\" data-id=\"773db4af\" data-element_type=\"section\">\n\t\t\t\t\t\t<div class=\"elementor-container elementor-column-gap-default\">\n\t\t\t\t\t<div class=\"elementor-column elementor-col-100 elementor-top-column elementor-element elementor-element-28a22b83\" data-id=\"28a22b83\" data-element_type=\"column\">\n\t\t\t<div class=\"elementor-widget-wrap elementor-element-populated\">\n\t\t\t\t\t\t<section class=\"elementor-section elementor-inner-section elementor-element elementor-element-1d05a0c5 elementor-section-content-middle elementor-reverse-mobile elementor-section-boxed elementor-section-height-default elementor-section-height-default\" data-id=\"1d05a0c5\" data-element_type=\"section\">\n\t\t\t\t\t\t<div class=\"elementor-container elementor-column-gap-wide\">\n\t\t\t\t\t<div class=\"elementor-column elementor-col-50 elementor-inner-column elementor-element elementor-element-5e1f8eb1 elementor-invisible\" data-id=\"5e1f8eb1\" data-element_type=\"column\" data-settings=\"{&quot;animation&quot;:&quot;fadeInLeft&quot;}\">\n\t\t\t<div class=\"elementor-widget-wrap elementor-element-populated\">\n\t\t\t\t\t\t<div class=\"elementor-element elementor-element-5ffb9436 elementor-widget elementor-widget-image\" data-id=\"5ffb9436\" data-element_type=\"widget\" data-fancybox=\"image\" data-widget_type=\"image.default\">\n\t\t\t\t<div class=\"elementor-widget-container\">\n\t\t\t\t\t\t\t\t\t\t\t\t\t\t\t<img fetchpriority=\"high\" decoding=\"async\" width=\"768\" height=\"543\" src=\"https:\/\/danone.cz\/web\/wp-content\/uploads\/sites\/2\/2021\/03\/topPyramida_pro-moderni-cesko_A3_2020_final_ver.201127_FINAL-768x543.jpg\" class=\"attachment-medium_large size-medium_large wp-image-193171\" alt=\"\" srcset=\"https:\/\/danone.cz\/web\/wp-content\/uploads\/sites\/2\/2021\/03\/topPyramida_pro-moderni-cesko_A3_2020_final_ver.201127_FINAL-768x543.jpg 768w, https:\/\/danone.cz\/web\/wp-content\/uploads\/sites\/2\/2021\/03\/topPyramida_pro-moderni-cesko_A3_2020_final_ver.201127_FINAL-300x212.jpg 300w, https:\/\/danone.cz\/web\/wp-content\/uploads\/sites\/2\/2021\/03\/topPyramida_pro-moderni-cesko_A3_2020_final_ver.201127_FINAL-1024x724.jpg 1024w, https:\/\/danone.cz\/web\/wp-content\/uploads\/sites\/2\/2021\/03\/topPyramida_pro-moderni-cesko_A3_2020_final_ver.201127_FINAL-200x141.jpg 200w, https:\/\/danone.cz\/web\/wp-content\/uploads\/sites\/2\/2021\/03\/topPyramida_pro-moderni-cesko_A3_2020_final_ver.201127_FINAL.jpg 1191w\" sizes=\"(max-width: 768px) 100vw, 768px\" \/>\t\t\t\t\t\t\t\t\t\t\t\t\t\t\t<\/div>\n\t\t\t\t<\/div>\n\t\t\t\t\t<\/div>\n\t\t<\/div>\n\t\t\t\t<div class=\"elementor-column elementor-col-50 elementor-inner-column elementor-element elementor-element-6320b614\" data-id=\"6320b614\" data-element_type=\"column\">\n\t\t\t<div class=\"elementor-widget-wrap elementor-element-populated\">\n\t\t\t\t\t\t<div class=\"elementor-element elementor-element-4ef13468 elementor-widget elementor-widget-heading\" data-id=\"4ef13468\" data-element_type=\"widget\" data-widget_type=\"heading.default\">\n\t\t\t\t<div class=\"elementor-widget-container\">\n\t\t\t\t\t<h5 class=\"elementor-heading-title elementor-size-default\">\u010c\u00edm produkty na rostlinn\u00e9 b\u00e1zi prosp\u00edvaj\u00ed na\u0161emu organismu?<\/h5>\t\t\t\t<\/div>\n\t\t\t\t<\/div>\n\t\t\t\t<div class=\"elementor-element elementor-element-4ba187e7 elementor-widget elementor-widget-text-editor\" data-id=\"4ba187e7\" data-element_type=\"widget\" data-widget_type=\"text-editor.default\">\n\t\t\t\t<div class=\"elementor-widget-container\">\n\t\t\t\t\t\t\t\t\t<p><span style=\"font-weight: 400\">Na\u0161e s\u00f3jov\u00e9 produkty jsou skv\u011bl\u00fdm zdrojem vysoce kvalitn\u00edch b\u00edlkovin, kter\u00e9 p\u0159isp\u00edvaj\u00ed k r\u016fstu a udr\u017een\u00ed svalov\u00e9 hmoty. Kvalita s\u00f3jov\u00fdch b\u00edlkovin je stejn\u00e1 jako u b\u00edlkovin \u017eivo\u010di\u0161n\u00e9ho p\u016fvodu a vy\u0161\u0161\u00ed ne\u017e t\u00e9m\u011b\u0159 u v\u0161ech ostatn\u00edch rostlinn\u00fdch zdroj\u016f. S\u00f3jov\u00fd protein obsahuje v\u0161ech 8 esenci\u00e1ln\u00edch aminokyselin \u2013 stavebn\u00edch blok\u016f proteinu \u2013 ve spr\u00e1vn\u00fdch mno\u017estv\u00edch, kter\u00e9 si organismus nedok\u00e1\u017ee vyrobit s\u00e1m, ale mus\u00edme je p\u0159ijmout ve strav\u011b.<\/span><\/p><p>\u00a0<\/p><p><span style=\"font-weight: 400\">N\u00e1\u0161 ovesn\u00fd n\u00e1poj ALPRO je pln\u00fd vl\u00e1kniny \u2013 d\u016fle\u017eit\u00e9 slo\u017eky na\u0161\u00ed stravy, kter\u00e1 p\u0159isp\u00edv\u00e1 ke spr\u00e1vn\u00e9 funkci st\u0159ev.<\/span><\/p><p>\u00a0<\/p><p><span style=\"font-weight: 400\">V\u0161echny na\u0161e ALPRO rostlinn\u00e9 n\u00e1poje jsou lahodn\u00fdm zdrojem v\u00e1pn\u00edku, kter\u00fd je z\u00e1kladn\u00edm stavebn\u00edm kamenem kost\u00ed a zub\u016f. V\u00e1pn\u00edk v organismu \u010dlov\u011bka reguluje enzymy, p\u0159enos nervov\u00fdch vzruch\u016f a norm\u00e1ln\u00ed sr\u00e1\u017elivost krve. Je d\u016fle\u017eit\u00fd pro norm\u00e1ln\u00ed funkci sval\u016f.<\/span><\/p>\t\t\t\t\t\t\t\t<\/div>\n\t\t\t\t<\/div>\n\t\t\t\t\t<\/div>\n\t\t<\/div>\n\t\t\t\t\t<\/div>\n\t\t<\/section>\n\t\t\t\t<div class=\"elementor-element elementor-element-5cba8f2 elementor-widget elementor-widget-text-editor\" data-id=\"5cba8f2\" data-element_type=\"widget\" data-widget_type=\"text-editor.default\">\n\t\t\t\t<div class=\"elementor-widget-container\">\n\t\t\t\t\t\t\t\t\t<p><span style=\"font-weight: 400\">ALPRO produkty jsou obohaceny o vitam\u00edny a miner\u00e1ly, d\u00edky \u010demu\u017e jsou skv\u011bl\u00fdm zdrojem mnoha vitam\u00edn\u016f B2, B12, a p\u0159edev\u0161\u00edm vitam\u00ednu D. Vitaminy skupiny B jsou nezbytn\u00e9 pro spr\u00e1vn\u00e9 fungov\u00e1n\u00ed na\u0161eho organismu: vitam\u00edn B2 \u2013 riboflavin p\u016fsob\u00ed blahod\u00e1rn\u011b na k\u016f\u017ei, o\u010di a p\u0159isp\u00edv\u00e1 sn\u00ed\u017een\u00ed vy\u010derp\u00e1n\u00ed a \u00fanavy a norm\u00e1ln\u00edmu metabolismu \u017eeleza. Vitam\u00edn B12 \u2013 kobalamin je v\u00fdznamn\u00fd pro tvorbu \u010derven\u00fdch krvinek a pro spr\u00e1vnou funkci nervov\u00e9 soustavy. Vitam\u00edn D pln\u00ed d\u016fle\u017eitou funkci p\u0159i stavb\u011b a r\u016fstu kost\u00ed a m\u00e1 velk\u00fd v\u00fdznam i pro na\u0161i imunitu.<\/span><\/p><p>\u00a0<\/p><p><span style=\"font-weight: 400\">V mandlov\u00e9m n\u00e1poji se nach\u00e1z\u00ed tak\u00e9 vit. E, kter\u00fd p\u016fsob\u00ed antioxida\u010dn\u011b a chr\u00e1n\u00ed bu\u0148ky p\u0159ed oxida\u010dn\u00edm stresem.<\/span><\/p>\t\t\t\t\t\t\t\t<\/div>\n\t\t\t\t<\/div>\n\t\t\t\t\t<\/div>\n\t\t<\/div>\n\t\t\t\t\t<\/div>\n\t\t<\/section>\n\t\t\t\t<section class=\"elementor-section elementor-top-section elementor-element elementor-element-f35aa1f elementor-section-boxed elementor-section-height-default elementor-section-height-default\" data-id=\"f35aa1f\" data-element_type=\"section\">\n\t\t\t\t\t\t<div class=\"elementor-container elementor-column-gap-default\">\n\t\t\t\t\t<div class=\"elementor-column elementor-col-100 elementor-top-column elementor-element elementor-element-ae99084\" data-id=\"ae99084\" data-element_type=\"column\">\n\t\t\t<div class=\"elementor-widget-wrap elementor-element-populated\">\n\t\t\t\t\t\t<div class=\"elementor-element elementor-element-916d8f9 elementor-widget elementor-widget-spacer\" data-id=\"916d8f9\" data-element_type=\"widget\" data-widget_type=\"spacer.default\">\n\t\t\t\t<div class=\"elementor-widget-container\">\n\t\t\t\t\t\t\t<div class=\"elementor-spacer\">\n\t\t\t<div class=\"elementor-spacer-inner\"><\/div>\n\t\t<\/div>\n\t\t\t\t\t\t<\/div>\n\t\t\t\t<\/div>\n\t\t\t\t\t<\/div>\n\t\t<\/div>\n\t\t\t\t\t<\/div>\n\t\t<\/section>\n\t\t\t\t<section class=\"elementor-section elementor-top-section elementor-element elementor-element-0e0a8a6 elementor-section-boxed elementor-section-height-default elementor-section-height-default\" data-id=\"0e0a8a6\" data-element_type=\"section\">\n\t\t\t\t\t\t<div class=\"elementor-container elementor-column-gap-default\">\n\t\t\t\t\t<div class=\"elementor-column elementor-col-100 elementor-top-column elementor-element elementor-element-08ddd32\" data-id=\"08ddd32\" data-element_type=\"column\">\n\t\t\t<div class=\"elementor-widget-wrap elementor-element-populated\">\n\t\t\t\t\t\t<div class=\"elementor-element elementor-element-03e6220 elementor-widget elementor-widget-heading\" data-id=\"03e6220\" data-element_type=\"widget\" data-widget_type=\"heading.default\">\n\t\t\t\t<div class=\"elementor-widget-container\">\n\t\t\t\t\t<h2 class=\"elementor-heading-title elementor-size-default\">Na\u0161e rostlinn\u00e9 produkty<\/h2>\t\t\t\t<\/div>\n\t\t\t\t<\/div>\n\t\t\t\t\t<\/div>\n\t\t<\/div>\n\t\t\t\t\t<\/div>\n\t\t<\/section>\n\t\t\t\t<section class=\"elementor-section elementor-top-section elementor-element elementor-element-5c9a15b safari-fix-bg elementor-section-boxed elementor-section-height-default elementor-section-height-default elementor-invisible\" data-id=\"5c9a15b\" data-element_type=\"section\" data-settings=\"{&quot;background_background&quot;:&quot;gradient&quot;,&quot;animation&quot;:&quot;fadeIn&quot;}\">\n\t\t\t\t\t\t<div class=\"elementor-container elementor-column-gap-default\">\n\t\t\t\t\t<div class=\"elementor-column elementor-col-100 elementor-top-column elementor-element elementor-element-8839f36\" data-id=\"8839f36\" data-element_type=\"column\">\n\t\t\t<div class=\"elementor-widget-wrap elementor-element-populated\">\n\t\t\t\t\t\t\t<\/div>\n\t\t<\/div>\n\t\t\t\t\t<\/div>\n\t\t<\/section>\n\t\t\t\t<\/div>\n\t\t","protected":false},"excerpt":{"rendered":"<p>V\u00fdrobky na rostlinn\u00e9 b\u00e1zi ve v\u00fd\u017eiv\u011b Produkty na rostlinn\u00e9 b\u00e1zi by m\u011bly b\u00fdt sou\u010d\u00e1st\u00ed na\u0161eho ka\u017edodenn\u00edho stravov\u00e1n\u00ed Podle aktu\u00e1ln\u00edch Slovensk\u00e9 v\u00fd\u017eivov\u00fdch doporu\u010den\u00ed jsou produkty na rostlinn\u00e9 b\u00e1zi vhodn\u00fdm zpest\u0159en\u00edm ka\u017edodenn\u00edho j\u00eddeln\u00ed\u010dku a alternativou k ml\u00e9\u010dn\u00fdm v\u00fdrobk\u016fm. Denn\u011b bychom m\u011bli zkonzumovat 2-3 porce ml\u00e9\u010dn\u00fdch v\u00fdrobk\u016f nebo produkt\u016f na rostlinn\u00e9 b\u00e1zi. Za jednu porci v\u00fdrobku na rostlinn\u00e9 [&hellip;]<\/p>\n","protected":false},"author":1,"featured_media":192898,"parent":192732,"menu_order":0,"comment_status":"open","ping_status":"closed","template":"","meta":{"footnotes":""},"class_list":["post-192748","page","type-page","status-publish","has-post-thumbnail","hentry"],"acf":[],"_links":{"self":[{"href":"https:\/\/danone.cz\/web\/wp-json\/wp\/v2\/pages\/192748","targetHints":{"allow":["GET"]}}],"collection":[{"href":"https:\/\/danone.cz\/web\/wp-json\/wp\/v2\/pages"}],"about":[{"href":"https:\/\/danone.cz\/web\/wp-json\/wp\/v2\/types\/page"}],"author":[{"embeddable":true,"href":"https:\/\/danone.cz\/web\/wp-json\/wp\/v2\/users\/1"}],"replies":[{"embeddable":true,"href":"https:\/\/danone.cz\/web\/wp-json\/wp\/v2\/comments?post=192748"}],"version-history":[{"count":5,"href":"https:\/\/danone.cz\/web\/wp-json\/wp\/v2\/pages\/192748\/revisions"}],"predecessor-version":[{"id":193177,"href":"https:\/\/danone.cz\/web\/wp-json\/wp\/v2\/pages\/192748\/revisions\/193177"}],"up":[{"embeddable":true,"href":"https:\/\/danone.cz\/web\/wp-json\/wp\/v2\/pages\/192732"}],"wp:featuredmedia":[{"embeddable":true,"href":"https:\/\/danone.cz\/web\/wp-json\/wp\/v2\/media\/192898"}],"wp:attachment":[{"href":"https:\/\/danone.cz\/web\/wp-json\/wp\/v2\/media?parent=192748"}],"curies":[{"name":"wp","href":"https:\/\/api.w.org\/{rel}","templated":true}]}}